10
What is the value of -12 - 2 - -2 - (19 + -17)?
-14
Evaluate -14 - (2 - (5 + 7)) - (-6 - -2).
0
(-445 - -431) + 12 + 0
-2
Evaluate (-12 - 1) + 17 + (21 - -2).
27
Calculate 12 + (-1 + 15 - (179 - 119)).
-34
What is -3 + -3 - (31 + -6 - 19)?
-12
Evaluate -11 + (-13 + 16 - -11) + 1 + 0.
4
Calculate -7 + 4 + -1 + 37 + -35.
-2
What is the value of 27 - (25 + 24 - -6)?
-28
Evaluate -22 + 44 + -33 + 16.
5
-1187 + 1169 + 0 + 31
13
Calculate 22 - -15 - (2 + (3 - -11 - 7)).
28
What is -4 - -2 - -3 - (0 - 13)?
14
What is the value of -6 + (7 + -3 + -6 - -3) + 5?
0
What is the value of -67 + 18 - (-26 + -11)?
-12
What is the value of (4 - -9) + -9 - 13 - 0?
-9
Calculate 4 + -6 + -6 + 16 + -1 + 2.
9
Evaluate (0 - 0) + (2 - 1) - (24 - 7).
-16
What is -83 - -75 - (4 + -5 - -15)?
-22
Calculate 0 + (-15 - -5 - -14).
4
Evaluate 29 - (-19 + 35 + 4 - 18).
27
What is the value of 2 - 0 - (-18 + 6)?
14
Evaluate -15 + (11 + 12 - 26).
-18
Calculate 12 + 13 + -72 + 34.
-13
Evaluate 5 - 5 - 2 - 3 - (-18 + 24).
-11
What is 1 + -2 + -1 - (102 - 43 - 79)?
18
Calculate 8 + 1 - (8 - -8).
-7
What is -23 + 15 + -1 + -1 + 19?
9
Calculate 5 + (14 - 6 - 2 - 3) - 4.
4
Calculate -124 + 131 - (-1 - 1).
9
Calculate (-3 - 1) + 1 + 14 - 20 - -12.
3
Calculate (10 - 0) + -6 + -16 + 23.
11
What is (-1 - (-6 - -1) - 0) + -1686 + 1673?
-9
What is (1 - -1) + (18 - 83 - -69)?
6
-3 - (-22 + (0 - -16))
3
Evaluate 3 + ((2 - 7) + 6 - (6 - 4)).
2
What is -9 + (-4 - (-8 + 7 + -5 + -4))?
-3
What is (4 + 3 + -8 - -4) + (-6 - 21)?
-24
What is 5 - 33 - (-155 - -120)?
7
Evaluate -1589 + 1601 + 0 + 2 + 4.
18
Calculate -52 + (53 - 12) + 2 + -26.
-35
What is -54 - -69 - (17 - 0)?
-2
Evaluate (-7 - ((1 - -3) + -1)) + (42 - 40).
-8
What is -3 - (-1 + 8 - (-4 - -8))?
-6
Evaluate -2 - (-18 - (7 + -5 + -9 + 5)).
14
What is the value of 1 - -9 - (60 - 55)?
5
What is the value of -1 + 3 - (-2 + -8 + 17)?
-5
Evaluate 47 - 57 - (-2 - (-2 + -2)) - -5.
-7
Calculate 2 + (19 - 19 - (0 + -6)).
8
Evaluate 15 - -22 - (48 + 4).
-15
Evaluate (5 - -2 - 3) + -12 + (-5 - 6).
-19
-8 + (0 + 2 - (4 + -26 + 17))
-1
6 + -17 + 9 + -16
-18
What is 14 - (18 - 14) - (-1 - -25)?
-14
3 - (10 + (7 - -2 - 14))
-2
-4 - (3 + -1 + -5 - (359 - 354))
4
Calculate 1 + (20 - (1 + -4 + -4)).
28
Evaluate (3 - 1) + 2 - (-1 + 11 - 20).
14
Evaluate 12 + (-3 - 1) + -23 + 15.
0
Calculate -1 + 9 + 2 - (14 - (23 - 16)).
3
Evaluate -6 + (-7 - (-7 + 8) - -16).
2
What is -4 - (15 + -3 + (-4 + 1 - 0))?
-13
Evaluate 1 + -3 + 10 - 1 - 6 - -16.
17
Calculate 0 - -4 - (-12 + 9 + -6).
13
What is the value of (-4 - 3) + -6 - (-5 + -1)?
-7
What is 9 - -1 - (28 - (11 + 4))?
-3
What is the value of (-7 - -3 - (31 - 13)) + 9?
-13
What is 11 - -4 - (47 - 46)?
14
15 + (-14 - -6) - -6
13
What is the value of -3 + 0 + -7 + (-15 - -17)?
-8
Calculate 1 + (0 + 5 - 0) + -18.
-12
What is (1 - -2 - -2) + (2 + 0 - -3)?
10
What is 0 + 24 + (6 - (4 - -26) - -21)?
21
Evaluate -6 + (7 - 8) + (-6 - -15) + -5.
-3
What is 25 + -20 - (0 + 6)?
-1
What is the value of ((-7 - (-14 - 8)) + 10 - 10) + 3?
18
What is the value of (-11 - 1) + -28 + 16 + 11?
-13
What is the value of (13 - 23 - -11) + 11?
12
What is the value of (-17 - (-3 + 5 + -10)) + (6 - -8)?
5
(-2 - (4 + 12)) + 9
-9
Evaluate (-7 - (-1 - (3 + -1))) + 2.
-2
528 - 513 - (0 + 30)
-15
What is the value of -9 + -2 + 5 - -2?
-4
What is the value of 9 + -1 + 65 + -76 + (-2 - -2)?
-3
Calculate -1 - (-13 - (-10 + 2 - -5)).
9
What is the value of -13 + 9 + -1 + (-12 - 1 - -2)?
-16
Evaluate (12 - -4) + 6 + -12 - -1.
11
What is the value of -2 + -5 + 19 - (-56 - -80)?
-12
Calculate (4 - 10) + (11 - (7 - 8)).
6
What is 3 + 4 - -3 - ((10 - 15) + -22)?
37
What is ((24 - 5) + -19 - -12) + (9 - 3)?
18
Evaluate (-1 - -1 - (-1 + -2)) + (424 - 419).
8
What is the value of 224 + -255 + (3 - (1 - 6))?
-23
-14 + 2 + (-2 - 13) + 15
-12
Calculate (57 - 70) + 2 + 17.
6
What is the value of 0 + (-5 - -9) - -6 - (5 + 1)?
4
Calculate 4 + -52 + 509 + -469.
-8
Evaluate -23 + (-10 + 5 + 5 - -11).
-12
-1 - (7 - 13 - 0) - 1
4
What is (42 - 71) + 10 + 0 - 1?
-20
What is the value of -1807 + 1806 + -2 + 3 + (-19 - -2)?
-17
What is 10 + (11 + -3 - 19)?
-1
Evaluate 0 + -8 + (147 - 150).
-11
What is the value of 8 + (28 + (-1 - 11) - 1)?
23
What is 71 + -91 + 7 + 2?
-11
Calculate (-1 - -2) + 0 + 4 - (-146 + 158).
-7
What is -19 - (1 - 29) - (-6 - 2)?
17
(0 - -10) + 27 + -41
-4
What is the value of (11 - (3 - -9)) + 9 + -3 + -12?
-7
(-8 - 13) + 19 + (-3 - 12)
-17
-3 - (-2 + (6 + -8 + 0 - -3))
-2
Calculate -51 + 17 + 32 - (3 - 27).
22
What is (17 - -2) + (-32 - 7)?
-20
What is 8 + 1 + (-26 - 22) + 27?
-12
-20 - (26 + -45 + 9)
-10
What is 4 - (-4 + 18 - (20 + -10 + -3))?
-3
What is 14 + 25 + -26 + -6?
7
Calculate (255 - 246) + (3 - (1 + -2)).
13
What is -3 - (-1 - 22 - (13 + -25))?
8
Calculate -7 + 7 + 4 + (-7 - (6 - 29)).
20
What is (-18 - (-25 + 1)) + -1 + 0?
5
13 - 11 - (7 - (5 + 2))
2
-1 + (68 - 42) - (3 + 2 + 1)
19
(-10 + -21 + 10 - 2) + 11
-12
What is the value of 27 - -1 - (-2077 - -2141)?
-36
7 + (3 + -6 - (1 + -3))
6
Evaluate (280 - 259) + (-4 - 0 - -1).
18
Calculate -12 - (-19 - -24 - 3).
-14
Evaluate -2 + (-14 - 7) + -16 + 25.
-14
-3 + -1 + -3 + -1 + -51 + 42
-17
Calculate -27 - (-39 + 13) - 24.
-25
-24 - -1 - (30 + 0 + -32)
-21
Evaluate 15 + 2 - (8 + (9 - -10)).
-10
Evaluate -158 - -181 - (5 + 7).
11
What is the value of -6 + (6 - -5) + -15 + 8 - 5?
-7
Calculate 0 + (5 - -7) + -1.
11
Evaluate -26 + (-1 - -15 - 7) + (-7 - 1).
-27
What is 33 + -19 + -21 + 18 + 1?
12
Evaluate -5 - (22 - (-22 - -23)).
-26
Evaluate (27 + -11 - 32) + 5.
-11
What is 11 + (3 + (2 - 1) - 9)?
6
What is (-13 - -16 - 4) + (-1 - -12) + -1?
9
What is (13 - -1) + -10 + (15 - (6 + 3))?
10
What is 4 + -16 - (3 + (-5 - (-9 + 7)))?
-12
What is -5 + 6 - ((1 - (-3 - -5)) + 10)?
-8
What is (-20 - (5 - (-14 + 31))) + -33?
-41
Calculate 4 + (-52 - -36 - (-26 - 0)).
14
Evaluate 13 + -1 - ((-1 - 18) + 14) - -8.
25
Calculate (7 - 2 - 7) + (-1 - 3).
-6
9 - (-4 - 18 - -17)
14
What is 1 + -4 + -68 + 34 + 28?
-9
What is the value of 8 - -1 - (-1 + 1 - -14)?
-5
What is the value of (-32 - (-1 - 14)) + -1 + (-2 - 0)?
-20
What is -13 - -3 - (78 + -86)?
-2
Evaluate -12 - ((-2 - (-3 - -6)) + -30 + 39).
-16
(3 - (-9 + 12)) + -8 + 2
-6
Evaluate 7 - (-10 - (0 - 11 - 0)).
6
(0 - -2) + 32 + -49
-15
Evaluate (2 - 1 - (6 + -1)) + 0 + 1.
-3
What is 1 + (0 - 0) - (-4 - (31 + -30))?
6
Evaluate 30 + (2 - (-31 - -33)).
30
What is the value of -2 + -1 + 25 + (-42 - -8)?
-12
What is 13 - (9 + (-4 + 9 - 6)) - 2?
3
Evaluate (2 - (-31 + 9 - -33)) + -11 + 2.
-18
Evaluate 2 + (-9 - ((5 - 2) + 0 + -1)).
-9
What is -1 + 5 + 6 + -11 + -5?
-6
-14 + 29 + (-22 - -9) + 0 + -9
-7
What is the value of 26 + -3 + (8 - 7) + -2 + -4?
18
Calculate 5 + 3 + -9 + 1 + 22.
22
Calculate 4 + -23 + 30 + -1 + (10 - 3).
17
(-12 - 7) + (44 - (49 + -25))
1
Calculate 19 + (-37 + 15 - 9).
-12
(9 + -2 + -7 - 8) + 15
7
Evaluate 1 - (-9 - (6 - 4) - -5).
7
What is the value of (-1 + 8 - 2) + -11 + 14?
8
-10 + 2 - 0 - (-22 - -38 - 30)
6
Calculate 15 - (-23 - -5 - (-45 - -30)).
18
Calculate -7 + -6 - (16 + 0).
-29
What is 7 + -11 + 1 + -3?
-6
Calculate -32 - (-42 - (24 + -22)).
12
-23 + -40 + 53 + -7
-17
Evaluate (4 - (-12 - -16)) + 21 + 0.
21
Evaluate -122 + 122 - (1 + (-2 - -4)).
-3
Calculate -17 + -34 + 47 + -26.
-30
Evaluate 11 + -11 - 8 - (-18 + 2).
8
Evaluate 9 + -38 - -14 - -15.
0
(103 - 114) + (-19 + -3 - 0) + 10
-23
What is the value of (24 - 5) + -42 - -20?
-3
Calculate 3 + 5 + -12 + 0 - (-1 + 1).
-4
Calculate -7 - (1 + (-9 - (1 - 9))).
-7
What is the value of -20 + (-17 - (-20 - 17))?
0
Calculate 13 - (-17 + 36) - -16.
10
What is the value of -4 - (-15 + 22) - -13?
2
What is the value of -4 - 2 - (0 - 22 - -34)?
-18
4 + -15 + (21 - -10) + -27
-7
What is the value of 13 + 14 + -21 + -8?
-2
Evaluate (15 + 6 - 14) + -21.
-14
What is 9 + -23 + (-21 - 0)?
-35
-8 - (4 - (-4 - -11 - 3) - 28)
20
What is 3 + 4 - (23 - (12 - 1))?
-5
Calculate (-25 - -27 - 3) + (-1 - -10).
8
Evaluate 0 + -19 - (2 - 11).
-10
Evaluate -4 + 24 - (11 - (0 - -9)).
18
Evaluate 0 + 4 - ((4 - (10 - 3)) + -4).
11
Calculate -6 + (-3 + 9 - -11).
11
Calculate 1 + 2 - ((11 - (7 - 2)) + 7).
-10
What is the value of (6 - 4) + -1 + -5 + 6?
2
Calculate -6 + -2 + -17 + (16 - -3).
-6
Calc